- 4*t - 5. Let d be 2 + (2 + -1)*-6. Let q be (2 - d/(-6))*3. Suppose -q = 2*l - 4*h, -4*l - 3*h = l + 23. Determine o(l).
-5
Let r(g) = 2*g**2 + 3*g + 9. Let z(q) = -11*q**2 - 8*q - 32. Let h(v) = 5*r(v) + z(v). Let u be (-130)/(-14) + 2/(-7). Calculate h(u).
-5
Let m = -774 + 779. Let k(y) = 3*y - 11. Determine k(m).
4
Let i(l) be the second derivative of -l**3/2 + 2*l**2 + 122*l. What is i(5)?
-11
Suppose 4*k - 15 = -5*i, i = -2*k + 3*i - 6. Let x be (-1)/(k - (-5)/(-25)). Let y(f) = 2 + 2 - 14*f**2 - 5 + 4*f - x*f. Determine y(-1).
-14
Let j(r) = -2*r + 5. Suppose 9 = 4*c + 6*o - 3*o, -5 = o. Determine j(c).
-7
Let k = -3 + 5. Suppose -6 = 2*a - 4*p + k*p, 0 = -p. Let m(z) be the second derivative of -z**4/12 - z**3/6 + 3*z**2/2 - 125*z. Calculate m(a).
-3
Let d(n) = -n**3 + 15*n**2 - 10*n + 1. Let v be d(14). Let a(q) = -29 + q + v - 29. Suppose -4*r = -g - 1 + 3, 3*r - 2*g = -4. Give a(r).
-1
Let u(d) = -10*d + 34. Let i be ((-10)/75*10)/(24/(-54)). What is u(i)?
4
Suppose -3*u = 3, 0 = -4*m - 4*u + 20 - 0. Let k(s) = s + 3*s + s - m*s. Calculate k(-4).
4
Suppose -3*f = 2*f - 155. Suppose f*n - 32*n = 0. Let u(t) = 2*t - 2*t - t + 10. Determine u(n).
10
Suppose -2*r = -3*d - 16, -4*r + 2 = -3*d - 6. Let u(t) = -t**2 - 8*t - 6. Determine u(d).
-6
Suppose 3*w = 6*w + 6. Let n be 0*(9/(-6) - w). Let t(d) = -2*d - 1 + 10 + d. Calculate t(n).
9
Let k(a) = 4015 + 3*a + 0*a**2 - 4014 + 3*a**2. What is k(-2)?
7
Let u(s) = 0*s**3 - 8*s**2 - 3 + 8*s + 4 + s**3 + 17*s**2. Let c be u(-8). Let w(o) = o - o - c + 2*o - 3*o. What is w(-2)?
1
Let j(r) be the first derivative of -r**2 + 2/3*r**3 + 1 + 3*r. Let z(d) = -2*d**2 + 35. Let l be z(4). Give j(l).
15
Let g(j) = -j**2 + 10*j - 16. Let t be g(8). Let h(d) = -2*d + d + d - d - 4. Determine h(t).
-4
Let m(g) = 0*g - 1 + 2 - g**2 - g. Let r(p) = -3*p**2 - 3*p - 3. Let f be 2 + -15 + 90/10. Let z(i) = f*m(i) + r(i). Calculate z(0).
-7
Let v = 14 + -9. Suppose -p - p = 4*y - 4, -v*p + 3*y + 10 = 0. Let h(o) = 2*o - 2. Give h(p).
2
Let l(z) be the first derivative of z**2/2 + 6*z + 2. Let d = -200 + 195. Give l(d).
1
Let l(y) = 31 + 25 - 2*y - 42 - 4*y + 3*y. Calculate l(7).
-7
Let g(v) be the first derivative of -v**4/12 - v**3/6 + 5*v**2/2 - 2*v - 25. Let l(d) be the first derivative of g(d). Calculate l(0).
5
Let v be -10 - (-2 + -2) - -6. Let n(r) = -r**3 - r**2 + r - 15. Give n(v).
-15
Let a(u) = u**2 + 15*u + 29. Let f be a(-12). Let d(h) = -h**3 - 8*h**2 - 11*h - 10. Calculate d(f).
18
Let p be 3/6 - (-60)/(-8). Let x = -5 - -13. Let z(r) = -x*r - 7 - r**2 - 5 + 4. Calculate z(p).
-1
Let a(h) be the first derivative of -5*h**2/2 + 3*h + 219. What is a(5)?
-22
Let w(l) = 4*l + 14. Let u(n) = 4*n + 17. Let b(t) = -4*u(t) + 5*w(t). Determine b(-5).
-18
Let o(x) = -x**2 + 4*x + 7. Let c be o(5). Suppose 0 = c*i - 0*b + 3*b + 8, b = -2*i. Let v(a) = 4*a - i*a + 6 + 0*a. Determine v(-4).
-2
Let h(o) be the first derivative of o**3/3 - 9*o**2/2 + 3*o + 1. Suppose -r - i + 6 = 0, 4*i - 84 + 96 = 2*r. Determine h(r).
-15
Let g = 92 - 82. Let z(v) = v**2 + 7*v - g + 3 + 0*v. Calculate z(-7).
-7
Let n(h) = 4*h**2 - 3*h + 3. Let f = 39 - 71. Let a be ((-6)/4)/(24/f). Calculate n(a).
13
Let c(x) = 2*x + x**2 + 2*x + 8 - 5*x + 8*x. Give c(-5).
-2
Suppose -11*x = -19*x + 88. Let k(n) = -3*n**3 + 11*n**2 + n + 15. Let v(s) = -4*s**3 + 11*s**2 + 2*s + 16. Let z(t) = -3*k(t) + 2*v(t). Give z(x).
-2
Let s(m) = 4. Let z(n) = 2*n + 30. Let k(f) = -6*s(f) + z(f). What is k(-7)?
-8
Let w(m) = -6*m + 6. Let j be w(4). Let b(n) = 2. Let l(g) = -41 + 5 + 16 - g. Let v(y) = j*b(y) - 2*l(y). Give v(6).
16
Let s(j) = j**3 + 5*j**2 - 7*j - 6. Let t be 23 + (3 - 5) + 0 + 3. Suppose 2 = c - 0*c, -3*c = 5*g + t. Give s(g).
0
Let a(x) = x**2 + 6*x + 13. Let w(o) = o**2 + 7*o + 13. Let y(c) = 7*a(c) - 6*w(c). Let t(m) = m**2 + 5*m + 4. Let l be t(-4). Determine y(l).
13
Let j(s) be the first derivative of -11*s**2 - s - 50. Calculate j(1).
-23
Let n(s) = -s + 17. Let v = 988 - 980. Calculate n(v).
9
Let p(n) = -5*n**2 - 2*n + 1. Let w be ((-42)/(-6))/(-2 + 3). Let t = 66 + -39. Suppose 0 = 5*u - t + w, 10 = 2*i + 2*u. Calculate p(i).
-6
Let x(o) = -1 + 2 - 2*o + o + 5. Let v = 358 + -364. Give x(v).
12
Let a(t) = 6*t + 2*t - 11*t - 2 - 7*t. What is a(1)?
-12
Let w(o) = -o - o**2 + 228 + 3*o**2 - 458 + 232. What is w(4)?
30
Suppose 3 = -3*y - h, 5 + 7 = 3*y - 4*h. Let k(r) be the first derivative of r**4/4 + r**2/2 - 8*r - 148. Calculate k(y).
-8
Suppose -18*r - 5*s + 11 = -21*r, 0 = -2*r - 4*s - 22. Let y(p) = p**3 + 6*p**2 - 8*p - 2. Determine y(r).
5
Let o(s) = -s**2 - 8*s - 9. Let u be o(-6). Let c(v) = -788*v**2 + 2*v + 3*v**3 - 4*v**3 + 791*v**2 - 2. Give c(u).
4
Let x(h) = -12*h - 114*h + 127*h. Suppose 3*i = 5*i + 6. Calculate x(i).
-3
Let c(t) = t**2 - 10 - 4*t**2 + 6*t + 2*t**2 + 6. Suppose 0 = 4*p + 3*w - 31 - 5, 2*w + 4 = 2*p. What is c(p)?
-4
Let o(m) be the first derivative of -5/3*m**3 - m + 1/4*m**4 - 1/2*m**2 - 2. Determine o(5).
-6
Let m(s) = -s**3 - 4*s**2 - 3*s - 2. Let o = 1464 + -1466. Determine m(o).
-4
Let b(o) be the third derivative of -o**6/120 - o**5/4 + 17*o**4/24 + 7*o**3/3 + o**2 - 58*o. Calculate b(-16).
-2
Let c be 3/(-6)*(-8)/4. Let v(s) = -1. Let l(r) = -r - 3. Let a(b) = c*l(b) - 3*v(b). Give a(3).
-3
Suppose -9*r + 5308 = 7. Let w(v) = 589 + v - r. Give w(8).
8
Suppose 0*t - 13 = 3*c - t, -12 = -3*t. Let u(k) = -13*k. Let r(l) = -92*l. Let i(o) = c*r(o) + 20*u(o). Let q = -9 - -8. Give i(q).
-16
Let q = 0 + -3. Let r(j) = 14*j - 3. Let b(g) = 25*g - 4. Let u(a) = 3*b(a) - 5*r(a). What is u(q)?
-12
Let k = -10 - 25. Let o = 29 + k. Let v(a) = -2*a - 8. Calculate v(o).
4
Let i(j) = -j**2 + 2*j + 5. Let f(p) = 266*p - 133*p - 132*p - 3. Let h be f(8). Give i(h).
-10
Let m(x) = 6*x**2 - 14*x - 4. Let c(i) = -i**2 + 3*i + 1. Let z(v) = 11*c(v) + 2*m(v). Let b(f) be the first derivative of z(f). What is b(-5)?
-5
Let n(q) = -27*q. Suppose -4*g + 12*f + 9 = 13*f, -3*f + 15 = 0. Determine n(g).
-27
Let o(v) = -v + 4. Let l(z) = -3*z + 21. Let m(t) = -l(t) + 4*o(t). Give m(4).
-9
Let f(a) = 31*a**2 - a - 31*a**2 - 38*a**3 - 1. Determine f(-1).
38
Let g(h) = -3*h + 1. Let x be 16/(0 - -4) - -23. Let w = 22 - x. Let m be 1/4 - w/(-4). Calculate g(m).
4
Let w(l) = l**2 - l + 1. Let f(h) = h**2 + 9*h + 1. Let k(m) = f(m) - 3*w(m). Give k(5).
8
Let s(y) = -2*y**2 - 2*y + 3. Let f = -2 - -4. Calculate s(f).
-9
Let k(z) be the first derivative of -z**3/3 + 2*z**2 - 5*z - 8. Suppose -2*c + 3*c + 4 = 0. Let j be 10/c*24/(-15). Calculate k(j).
-5
Let s(g) = g**2 + 5*g - 6. Let j = -43 + 49. Suppose -3*l = j*i - i - 5, 5*l - 2*i = -33. Calculate s(l).
-6
Let v be 21/12 - 1/(-4). Let t(r) = r. Let q(x) = 6 - 10 + 7 - 2. Let p(y) = q(y) - 3*t(y). Calculate p(v).
-5
Let y(j) = -j**3 + 5*j**2 - 2*j + 3. Let d(h) = h**2 + h - 6. Let w be d(-3). Suppose o + o - 10 = w. Calculate y(o).
-7
Let d = -51 + 59. Let i(x) = 2*x - 10. Let g(n) = -5*n + 30. Let f(j) = d*i(j) + 3*g(j). Calculate f(-8).
2
Let i(k) = 3*k - 27. Let q(o) = -2*o + 14. Let c(f) = -3*i(f) - 5*q(f). Let v = 1029 + -1029. Determine c(v).
11
Let c(s) = 4 - 12*s + s + 2*s + 2*s**3 + 7*s + s**3 - 3*s**2. What is c(2)?
12
Let p(c) = -c**3 - 6*c**2 - 5*c - 3. Let h(w) = -17*w + 353. Let k be h(21). Calculate p(k).
-15
Let u(z) = 14*z - 1. Suppose -3*h = -2*b - 6, 0*h + 20 = 5*h. Let m = b + -4. Determine u(m).
-15
Suppose -2*r + 3*x = 0, 3*x = -x + 8. Suppose 0*b = 3*l + 5*b - 4, -r*b = l. Let j(a) = -2*a - l*a + 8 + 1 + 2*a. Determine j(6).
-9
Let l(p) = p**2 + 2*p - 8. Let k be (6 - 3)*10*1/(-6). Give l(k).
7
Let y(b) = -4*b**2 + 30106*b + 3 - 6 - 30130*b. Determine y(-6).
-3
Let k(v) = 14*v**2 - v - 9. Let y(w) = w**3 + w - 3. Let f(b) = -k(b) - y(b). Determine f(-14).
12
Let t(o) = 9*o**2 - 2*o - 1. Let l be t(-1). Let a(p) = 10 + l - 23 + p. Determine a(5).
2
Let j(g) = 5 - 5*g - 6 + 3 + 5. Determine j(2).
-3
Let d(l) = -3*l - 5. Let j be (-4 + 5)*(3 - 3). What is d(j)?
-5
Suppose 15 = -4*k - 5*w, -w + 0 - 3 = 5*k. Suppose k = -f - 1. Let i(o) = 34*o + 2. Let s(p) = -18*p - 1. Let u(n) = 6*i(n) + 11*s(n). Determine u(f).
-5
Let k(h) = -2*h**3 - 12*h**2 + 18*h - 22. Let r(o) = o**3 + 13*o**2 - 17*o + 21. Let c(u) = 2*k(u) + 3*r(u). What is c(14)?
5
Let 